of 43041282?
1
What is the hundred millions digit of 229550952?
2
What is the ten thousands digit of 2965880257?
8
What is the thousands digit of 138144222?
4
What is the ten thousands digit of 25782762?
8
What is the tens digit of 316729085?
8
What is the hundred millions digit of 2905324112?
9
What is the tens digit of 266845378?
7
What is the ten thousands digit of 41981597?
8
What is the ten millions digit of 2630066972?
3
What is the units digit of 360079024?
4
What is the millions digit of 62657024?
2
What is the hundred thousands digit of 340709621?
7
What is the ten millions digit of 120632963?
2
What is the millions digit of 12178129?
2
What is the tens digit of 721222998?
9
What is the ten millions digit of 1040089789?
4
What is the hundred millions digit of 325286012?
3
What is the hundred millions digit of 1302848142?
3
What is the ten thousands digit of 1557156022?
5
What is the hundreds digit of 20725497?
4
What is the millions digit of 41050296?
1
What is the hundred thousands digit of 55178828?
1
What is the ten thousands digit of 284473508?
7
What is the millions digit of 466634812?
6
What is the ten millions digit of 4067707064?
6
What is the millions digit of 4316549082?
6
What is the millions digit of 41210769?
1
What is the thousands digit of 107309200?
9
What is the ten millions digit of 554469202?
5
What is the millions digit of 3498160221?
8
What is the thousands digit of 1157761312?
1
What is the ten thousands digit of 616464303?
6
What is the billions digit of 2103123301?
2
What is the tens digit of 6497854295?
9
What is the thousands digit of 997459005?
9
What is the millions digit of 26743941?
6
What is the millions digit of 6369513932?
9
What is the thousands digit of 3323080670?
0
What is the ten millions digit of 30067066?
3
What is the ten thousands digit of 10038234?
3
What is the hundred thousands digit of 1033851?
0
What is the ten thousands digit of 61064027?
6
What is the ten thousands digit of 65839261?
3
What is the ten thousands digit of 1971649?
7
What is the tens digit of 125636399?
9
What is the billions digit of 1241950702?
1
What is the ten millions digit of 102778049?
0
What is the hundreds digit of 1251022174?
1
What is the hundred thousands digit of 556991667?
9
What is the billions digit of 1704238760?
1
What is the hundred thousands digit of 701533047?
5
What is the millions digit of 22235591?
2
What is the ten millions digit of 102122435?
0
What is the hundred thousands digit of 37461490?
4
What is the tens digit of 75730858?
5
What is the hundred millions digit of 277155745?
2
What is the millions digit of 65220887?
5
What is the millions digit of 4459846468?
9
What is the units digit of 5248252?
2
What is the units digit of 1053045795?
5
What is the units digit of 936671939?
9
What is the units digit of 663595910?
0
What is the millions digit of 76128518?
6
What is the hundreds digit of 2006093799?
7
What is the ten thousands digit of 1253344198?
4
What is the hundred millions digit of 699296940?
6
What is the millions digit of 54954650?
4
What is the ten millions digit of 368575806?
6
What is the hundreds digit of 87076660?
6
What is the tens digit of 231185152?
5
What is the ten millions digit of 22261837?
2
What is the hundred thousands digit of 189065902?
0
What is the hundred thousands digit of 158070625?
0
What is the hundred millions digit of 924492266?
9
What is the ten thousands digit of 6681009?
8
What is the ten thousands digit of 90585244?
8
What is the hundred millions digit of 615819156?
6
What is the ten thousands digit of 2102918716?
1
What is the ten millions digit of 212652024?
1
What is the units digit of 447812116?
6
What is the ten millions digit of 574302831?
7
What is the units digit of 494395128?
8
What is the tens digit of 363249194?
9
What is the millions digit of 873257021?
3
What is the units digit of 1088486472?
2
What is the hundred thousands digit of 79184682?
1
What is the units digit of 2943339320?
0
What is the hundred thousands digit of 60073215?
0
What is the ten thousands digit of 161665252?
6
What is the ten thousands digit of 6291555?
9
What is the ten thousands digit of 260263197?
6
What is the ten thousands digit of 157773314?
7
What is the tens digit of 105556942?
4
What is the hundred thousands digit of 1170409255?
4
What is the millions digit of 381869370?
1
What is the units digit of 106597442?
2
What is the units digit of 36179784?
4
What is the ten millions digit of 2797749118?
9
What is the hundred thousands digit of 5255521087?
5
What is the millions digit of 51294134?
1
What is the tens digit of 3522249808?
0
What is the billions digit of 2419773205?
2
What is the units digit of 53303456?
6
What is the ten thousands digit of 129685366?
8
What is the hundred thousands digit of 102738848?
7
What is the ten millions digit of 798014217?
9
What is the hundreds digit of 79914612?
6
What is the hundred thousands digit of 101732234?
7
What is the units digit of 113838133?
3
What is the hundred millions digit of 539981497?
5
What is the ten millions digit of 11313139?
1
What is the thousands digit of 592759643?
9
What is the billions digit of 2633122591?
2
What is the ten millions digit of 227191533?
2
What is the hundred millions digit of 236544356?
2
What is the ten millions digit of 127372676?
2
What is the thousands digit of 115049701?
9
What is the tens digit of 55882693?
9
What is the hundreds digit of 140389267?
2
What is the thousands digit of 50967822?
7
What is the hundreds digit of 41716928?
9
What is the hundred millions digit of 1007177745?
0
What is the hundred millions digit of 303160327?
3
What is the hundred millions digit of 242295430?
2
What is the ten thousands digit of 98279041?
7
What is the hundred thousands digit of 597318179?
3
What is the billions digit of 2927214597?
2
What is the thousands digit of 3305912985?
2
What is the thousands digit of 15898603?
8
What is the thousands digit of 1881789771?
9
What is the tens digit of 34125654?
5
What is the millions digit of 42245726?
2
What is the thousands digit of 4128966332?
6
What is the hundreds digit of 253882484?
4
What is the hundreds digit of 68968464?
4
What is the tens digit of 44365839?
3
What is the ten thousands digit of 597597221?
9
What is the hundreds digit of 74107701?
7
What is the hundreds digit of 6357972303?
3
What is the ten thousands digit of 61956901?
5
What is the ten thousands digit of 2763095117?
9
What is the hundred millions digit of 492594178?
4
What is the ten millions digit of 230781096?
3
What is the ten millions digit of 618777250?
1
What is the thousands digit of 258272078?
2
What is the hundreds digit of 757991542?
5
What is the units digit of 18253233?
3
What is the hundred millions digit of 109320145?
1
What is the hundreds digit of 37138621?
6
What is the ten thousands digit of 84821657?
2
What is the ten thousands digit of 87112998?
1
What is the ten millions digit of 154609632?
5
What is the hundred millions digit of 1994724151?
9
What is the ten millions digit of 93377303?
9
What is the thousands digit of 39282666?
2
What is the ten millions digit of 128732803?
2
What is the ten millions digit of 516407585?
1
What is the hundreds digit of 2439274904?
9
What is the millions digit of 92402358?
2
What is the ten thousands digit of 727691503?
9
What is the ten millions digit of 731165599?
3
What is the thousands digit of 3117541?
7
What is the hundred thousands digit of 11883635?
8
What is the tens digit of 42699281?
8
What is the ten millions digit of 51180067?
5
What is the ten millions digit of 1017288602?
1
What is the hundred millions digit of 225769512?
2
What is the ten thousands digit of 119209108?
0
What is the hundreds digit of 319065236?
2
What is the ten thousands digit of 9368584?
6
What is the hundred thousands digit of 877534747?
5
What is the tens digit of 1155964151?
5
What is the thousands digit of 363896395?
6
What is the tens digit of 4156718540?
4
What is the ten millions digit of 3631206563?
3
What is the units digit of 198900047?
7
What is the thousands digit of 83698638?
8
What is the millions digit of 932759083?
2
What is the hundred thousands digit of 494673727?
6
What is the tens digit of 263582986?
8
What is the